e hundreds digit of 22407?
4
What is the units digit of 85673?
3
What is the thousands digit of 3661?
3
What is the thousands digit of 8020?
8
What is the units digit of 56159?
9
What is the tens digit of 48250?
5
What is the tens digit of 4388?
8
What is the tens digit of 19488?
8
What is the ten thousands digit of 46358?
4
What is the hundreds digit of 2801?
8
What is the tens digit of 227?
2
What is the units digit of 41862?
2
What is the units digit of 26396?
6
What is the tens digit of 1025?
2
What is the hundreds digit of 2854?
8
What is the units digit of 85532?
2
What is the ten thousands digit of 14181?
1
What is the hundreds digit of 3245?
2
What is the tens digit of 1978?
7
What is the tens digit of 23440?
4
What is the units digit of 12758?
8
What is the thousands digit of 44032?
4
What is the units digit of 1396?
6
What is the tens digit of 91704?
0
What is the units digit of 12967?
7
What is the tens digit of 443?
4
What is the thousands digit of 1337?
1
What is the tens digit of 1095?
9
What is the tens digit of 3209?
0
What is the hundreds digit of 27100?
1
What is the tens digit of 22677?
7
What is the tens digit of 779?
7
What is the tens digit of 98119?
1
What is the ten thousands digit of 16923?
1
What is the units digit of 1082?
2
What is the units digit of 339?
9
What is the units digit of 7841?
1
What is the hundreds digit of 4188?
1
What is the units digit of 783?
3
What is the units digit of 16626?
6
What is the hundreds digit of 63577?
5
What is the thousands digit of 19496?
9
What is the tens digit of 11356?
5
What is the units digit of 20231?
1
What is the hundreds digit of 797?
7
What is the units digit of 251?
1
What is the tens digit of 1409?
0
What is the hundreds digit of 2568?
5
What is the thousands digit of 44138?
4
What is the units digit of 2305?
5
What is the hundreds digit of 1004?
0
What is the thousands digit of 159911?
9
What is the tens digit of 13339?
3
What is the tens digit of 4583?
8
What is the thousands digit of 1128?
1
What is the tens digit of 974?
7
What is the tens digit of 2127?
2
What is the thousands digit of 6314?
6
What is the tens digit of 79349?
4
What is the tens digit of 32?
3
What is the hundreds digit of 401?
4
What is the tens digit of 2548?
4
What is the units digit of 411?
1
What is the units digit of 293?
3
What is the hundreds digit of 39969?
9
What is the tens digit of 469?
6
What is the hundreds digit of 764?
7
What is the ten thousands digit of 17621?
1
What is the units digit of 628?
8
What is the tens digit of 451?
5
What is the tens digit of 908?
0
What is the tens digit of 766?
6
What is the units digit of 1595?
5
What is the hundreds digit of 2729?
7
What is the hundreds digit of 658?
6
What is the thousands digit of 29680?
9
What is the units digit of 10233?
3
What is the thousands digit of 8956?
8
What is the thousands digit of 1098?
1
What is the hundreds digit of 3898?
8
What is the hundreds digit of 5896?
8
What is the thousands digit of 23007?
3
What is the tens digit of 512?
1
What is the units digit of 47?
7
What is the hundreds digit of 210?
2
What is the units digit of 393?
3
What is the units digit of 1321?
1
What is the tens digit of 47190?
9
What is the tens digit of 2668?
6
What is the tens digit of 4480?
8
What is the thousands digit of 5044?
5
What is the thousands digit of 3758?
3
What is the ten thousands digit of 59131?
5
What is the units digit of 8693?
3
What is the tens digit of 419?
1
What is the ten thousands digit of 30716?
3
What is the hundreds digit of 1706?
7
What is the units digit of 40688?
8
What is the units digit of 42?
2
What is the units digit of 22550?
0
What is the tens digit of 96561?
6
What is the tens digit of 5483?
8
What is the units digit of 2006?
6
What is the thousands digit of 9359?
9
What is the thousands digit of 37237?
7
What is the tens digit of 30860?
6
What is the tens digit of 959?
5
What is the ten thousands digit of 14113?
1
What is the ten thousands digit of 12609?
1
What is the hundreds digit of 9159?
1
What is the units digit of 693?
3
What is the units digit of 232?
2
What is the tens digit of 394?
9
What is the thousands digit of 18091?
8
What is the hundreds digit of 1753?
7
What is the tens digit of 405?
0
What is the units digit of 6353?
3
What is the thousands digit of 11195?
1
What is the units digit of 4555?
5
What is the thousands digit of 1218?
1
What is the tens digit of 1464?
6
What is the ten thousands digit of 77511?
7
What is the units digit of 6081?
1
What is the units digit of 1571?
1
What is the ten thousands digit of 55312?
5
What is the tens digit of 6169?
6
What is the ten thousands digit of 23447?
2
What is the units digit of 71?
1
What is the tens digit of 16053?
5
What is the thousands digit of 3356?
3
What is the thousands digit of 17103?
7
What is the units digit of 1242?
2
What is the units digit of 1839?
9
What is the tens digit of 4632?
3
What is the tens digit of 27?
2
What is the units digit of 16032?
2
What is the hundreds digit of 1237?
2
What is the hundreds digit of 15515?
5
What is the hundreds digit of 958?
9
What is the units digit of 9951?
1
What is the units digit of 5941?
1
What is the tens digit of 20102?
0
What is the thousands digit of 9879?
9
What is the hundreds digit of 429?
4
What is the tens digit of 390?
9
What is the ten thousands digit of 34534?
3
What is the ten thousands digit of 153167?
5
What is the hundreds digit of 1862?
8
What is the units digit of 2412?
2
What is the tens digit of 67994?
9
What is the hundreds digit of 6026?
0
What is the thousands digit of 2857?
2
What is the units digit of 128?
8
What is the tens digit of 1134?
3
What is the hundreds digit of 4512?
5
What is the hundreds digit of 4564?
5
What is the tens digit of 665?
6
What is the tens digit of 731?
3
What is the tens digit of 7246?
4
What is the thousands digit of 9501?
9
What is the ten thousands digit of 16014?
1
What is the units digit of 716?
6
What is the hundreds digit of 1662?
6
What is the tens digit of 2308?
0
What is the ten thousands digit of 206830?
0
What is the ten thousands digit of 15353?
1
What is the ten thousands digit of 86226?
8
What is the units digit of 1394?
4
What is the hundreds digit of 22975?
9
What is the hundreds digit of 7154?
1
What is the ten thousands digit of 12075?
1
What is the hundreds digit of 84459?
4
What is the units digit of 6914?
4
What is the thousands digit of 30131?
0
What is the hundreds digit of 1976?
9
What is the units digit of 20394?
4
What is the units digit of 7387?
7
What is the hundreds digit of 2641?
6
What is the thousands digit of 8000?
8
What is the units digit of 37?
7
What is the tens digit of 42149?
4
What is the ten thousands digit of 120789?
2
What is the tens digit of 7173?
7
What is the units digit of 34239?
9
What is the hundreds digit of 1940?
9
What is the units digit of 1038?
8
What is the units digit of 2500?
0
What is the units digit of 5320?
0
What is the units digit of 992?
2
What is the hundreds digit of 8297?
2
What is the tens digit of 62?
6
What is the tens digit of 1813?
1
What is the hundreds digit of 4013?
0
What is the tens digit of 201195?
9
What is the units digit of 546?
6
What is the tens digit of 1591?
9
What is the tens digit of 1233?
3
What is the tens digit of 627?
2
What is the hundreds digit of 2075?
0
What is the thousands digit of 22150?
2
What is the units digit of 1116?
6
What is the tens digit of 4247?
4
What is the tens digit of 53683?
8
What is the ten thousands digit of 40249?
4
What is the hundreds digit of 3024?
0
What is the hundreds digit of 1942?
9
What is the tens digit of 465?
6
What is the tens digit of 1485?
8
What is the tens digit of 963?
6
What is the hundreds digit of 2417?
4
What is the thousands digit of 2014?
2
What is the thousands digit of 24478?
4
What is the tens digit of 736?
3
What is the hundreds digit of 104652?
6
What is the hundreds digit of 821?
8
What is the units digit of 8323?
3
What is the hundreds digit of 1579?
5
What is the thousands digit of 105027?
5
What is the units digit of 4251?
1
What is the hundreds digit of 478?
4
What is the thousands digit of 6542?
6
What is the thousands digit of 15517?
5
What is the hundreds digit of 4632?
6
What